24
Let t(i) = i**3 + 7*i**2 + 9*i + 23. Let z be t(-6). Suppose -2*q = -5*o - 46, z*q + 20*o - 115 = 24*o. What is the greatest common factor of q and 2?
1
Let n = 16308 - 14522. What is the highest common factor of n and 646?
38
Let k = -87 - -150. Let c be ((-3670)/15 - 2) + 6/(-18). Let q = c - -289. Calculate the highest common divisor of q and k.
21
Let r be (11/(-4))/((-8)/32). Suppose 0 = r*q - 321 - 119. What is the highest common factor of q and 30?
10
Let z = -376 + 423. Suppose -39*r + z*r - 616 = 0. Calculate the greatest common divisor of 28 and r.
7
Suppose 374 = 2*j - 2*q, 2*q - 141 = -4*j + 625. Calculate the greatest common divisor of j and 304.
38
Suppose -v = -1 - 5. Suppose -4*b + 8 = l, -40 = -5*l - b + v*b. Let t(f) = 3*f - 89. Let d be t(30). Calculate the highest common factor of d and l.
1
Let o = -336 - -333. Let j be 3/18*-10*o - -12. Calculate the greatest common divisor of 289 and j.
17
Suppose 3*w - 108 = 6*x - 2*x, 0 = -3*w + x + 108. Suppose -w = 3*z - 7*z. Let i = -3410 - -3416. Calculate the highest common factor of i and z.
3
Let o = -267 - -382. Suppose 45 = a - o. Calculate the greatest common divisor of a and 30.
10
Let u = -2499 + 4473. Calculate the highest common divisor of 28 and u.
14
Let c be 44199/99 + (-18)/(-33). Let f = c + -357. What is the highest common divisor of f and 180?
90
Suppose -132 = 7*s - 9*s. Let a = s - 50. Let y = -66 + 106. What is the highest common factor of y and a?
8
Let j be 1160/116*(-146)/(-4). What is the highest common divisor of j and 6497?
73
Let k = -13363 + 15053. Calculate the greatest common divisor of 1430 and k.
130
Let m be -145*(-2 + 18/10). Suppose 90 = n - m. Calculate the highest common divisor of 17 and n.
17
Let a be (8643 - -31) + (-2 - -2) + 5. What is the highest common factor of 22 and a?
11
Let n(s) = -4*s**2 + 6 + 6*s**2 + 4*s + 3*s**2. Let t be n(-3). Suppose 40 = -35*o + t*o. What is the highest common factor of o and 40?
10
Let c be (-4)/1*-1*1. Suppose s - 5*p - 28 + 0 = 0, c*s = 2*p + 22. Let j be (s + (-36)/(-6))/((-1)/(-7)). What is the greatest common factor of j and 7?
7
Suppose 417 = 7*c - 3*v, 0 = -16*c + 12*c + 5*v + 258. Calculate the greatest common factor of 159 and c.
3
Let z be 4 + 539 - (-768)/(-48). What is the greatest common factor of 3379 and z?
31
Let r = -9 + -16. Let x be r*(-2 - 4/(-5)). Suppose 2*o - 5*v = 190, -320 = 335*o - 338*o + 10*v. Calculate the greatest common divisor of o and x.
30
Let v(m) = 6*m**2 + 8*m - 14. Let p be v(-7). Let b = p + 77. Calculate the greatest common factor of b and 43.
43
Let o = -8452 - -12479. Suppose 5*i + 7*v = 5*v + o, -3*v + 3 = 0. Suppose i = 6*t + 253. What is the highest common factor of 46 and t?
46
Suppose -89112 - 65335 = -15*u + 5348. What is the highest common factor of 201 and u?
201
Let h = -15392 - -15772. What is the highest common divisor of h and 60?
20
Let p be (36/(-10))/((-17)/1870). Calculate the highest common factor of 252 and p.
36
Let f be ((-3655)/(-2193))/(5/1278). Calculate the highest common factor of 13845 and f.
213
Let w be (-104)/(((-63)/(-378))/(1/(-6))). Calculate the highest common factor of w and 4290.
26
Suppose 3*i + 39 = 3*a, 6*a - 3*i = 5*a - 3. Let v be ((-2)/(-5))/((-2)/20). Let d be (-2)/v*(5 - -1). What is the highest common factor of a and d?
3
Let d = -2967 + 4786. Calculate the greatest common divisor of d and 321.
107
Let r(k) = -12*k + 34. Let q be r(6). Let m = 28 + q. Let i(c) = c**2 + 4*c + 4. Let y be i(m). What is the greatest common divisor of 8 and y?
8
Let w = -1343 - -1348. Let v be (-80)/(-3)*(-12)/(-8). Suppose w*d + v = 6*d. Calculate the highest common divisor of 60 and d.
20
Let t be ((-22)/4)/((-3)/6*1). Suppose -2*f - 2*q + 508 = 0, -15*q + 512 = 2*f - t*q. Calculate the highest common factor of 105 and f.
21
Suppose -m + 22 = 2*m + 2*v, 0 = -m + 3*v. Suppose -172 = -m*p - 40. What is the greatest common factor of 99 and p?
11
Suppose 0 = 14*i + 4813 - 5835. What is the highest common divisor of i and 2?
1
Let o be -9 - 77/7*-4. What is the highest common divisor of 1855 and o?
35
Let z = 1344 + -631. Let u be ((-24)/(-30))/((-168)/(-4830)). Calculate the highest common factor of z and u.
23
Suppose -3*d = -3*o - 54, -2*d + o + 36 = -4*o. Let k = d + -16. Let z be 146/k - (2 + -1). Calculate the highest common factor of 9 and z.
9
Suppose m - 30 = -x + 118, 4*x = 2*m + 568. Let y be (-4296)/(-88) - 6/(-33). Suppose -y = 3*w - 103. What is the greatest common divisor of w and x?
18
Let l(j) = -2*j + 55. Let x be l(26). Let k = 1 - -26. What is the greatest common factor of k and x?
3
Let r = 1828 - 1690. What is the highest common factor of r and 1426?
46
Suppose -2*i + 575 = 3*i. Suppose -13 = -l - 5*x, 149*x - 10 = 154*x. What is the highest common factor of l and i?
23
Let z = 666 - 688. Let u(w) = 9*w + 230. Let i be u(z). What is the highest common factor of 1376 and i?
32
Let r(v) = -v + 11. Let u be r(6). Let a(p) = 4*p + 4. Let z be a(u). Suppose 0 = 3*i, 5*n - 120 = -0*n - i. Calculate the highest common divisor of z and n.
24
Suppose -136*a = -99*a - 1924. Calculate the greatest common factor of a and 403.
13
Let i be 154/((-105)/(-147) - 129/210). Calculate the greatest common divisor of 160 and i.
20
Let y be 1*(-319)/110*4*(-72 - -7). Suppose 2*g = g + 58. What is the highest common factor of g and y?
58
Suppose 3*w + 23 - 71 = 0. Suppose 99 = n - g, 2*g + 49 = n - 55. Let p = 118 - n. What is the greatest common divisor of w and p?
8
Suppose -886*u + 88 = -884*u + 28. Calculate the greatest common factor of u and 6690.
30
Let l = 621 + 129. Calculate the highest common divisor of l and 330.
30
Let f(s) be the third derivative of -13*s**4/3 - 182*s**3/3 - 6*s**2 + s. Let y be f(-5). What is the greatest common factor of y and 24?
12
Suppose 3*n = -0*n + 2*n. Suppose 3*u + 3*t - t - 254 = n, -4*u = -t - 335. Let z be u/10 - (13/(-5) + 3). What is the greatest common factor of z and 72?
8
Let b be ((-3)/2)/((-27)/90). Suppose -r = d - b, 2*d - 2*r - 32 = -3*d. Calculate the greatest common divisor of d and 6.
6
Let g(v) = 216*v**3 - 982*v**2 - 11*v + 21. Let m be g(7). Calculate the greatest common divisor of m and 21.
21
Suppose -57 - 31 = -4*l. Let r be (6/14)/((-24)/42)*4 - -707. What is the highest common divisor of r and l?
22
Let h(v) = -v**3 + 93*v**2 + 101*v - 638. Let k be h(94). Calculate the highest common factor of k and 1415.
5
Let r = -384 - -437. Suppose -119 = 36*p - r*p. What is the greatest common divisor of p and 679?
7
Suppose c + 10*r - 8*r - 2858 = 0, 0 = -4*c - 3*r + 11427. What is the greatest common factor of c and 48?
24
Suppose 94*b + 339 = 97*b. Let i = b - 104. Let j be 3*(i/(-6))/(18/(-8)). Calculate the greatest common factor of 2 and j.
2
Let q(u) be the second derivative of 0*u**2 - 1/6*u**3 + 0 + 1/12*u**4 + 34*u. Let w be q(4). What is the highest common factor of w and 36?
12
Let y(s) = 23*s - 5. Let f be y(7). Let c be ((-10)/5)/((7815/(-520))/3 - -5). Calculate the greatest common divisor of f and c.
52
Let p(n) = -2*n**2 - 2*n + 27. Let v be p(3). Suppose 0 = 4*g - 2*g + k - 995, v*g + 2*k = 1490. Calculate the highest common divisor of g and 10.
10
Suppose -5*j = -8*j - 6*j. Suppose w - 9*w + 240 = j. Let t(h) = h**2 - h - 5. Let n be t(5). Calculate the highest common divisor of n and w.
15
Let f(k) be the third derivative of -k**6/24 - k**5/15 + k**4/8 + 13*k**3/6 + 2*k**2 + 25*k. Let a be f(-6). Calculate the highest common divisor of a and 49.
49
Let n(u) = u**3 - 9*u**2 - 58. Let m be n(16). Calculate the highest common factor of m and 51.
51
Let o be (5 + -10)*466/(-10). Let r = o - 207. Calculate the highest common factor of 117 and r.
13
Suppose 18*a - 4*a - 238 = 0. Suppose 21*k - 792 = a*k. Let w(o) = 6*o**2 + 4*o + 2. Let h be w(-2). Calculate the highest common factor of h and k.
18
Let u(l) = 20*l**2 + 76*l + 161. Let m be u(-8). Calculate the highest common divisor of m and 68.
17
Suppose 111 - 108 = 4*y - v, 5*y - 9 = 3*v. Suppose 2*g = -5*d + 69, y*g - 3*g = -6. What is the greatest common divisor of d and 3?
1
Suppose -27 + 10 = h + 4*r, -4*h = r - 7. Suppose -h*m - m = -304. What is the highest common factor of m and 114?
38
Suppose -3*b - 2*w + 1647 =